 prime number?
False
Is 101929121 a composite number?
True
Is 446951 prime?
True
Is 12402893 a composite number?
False
Is 7619473 prime?
True
Is 107330831 prime?
True
Is 166181 prime?
False
Is 9340907 composite?
True
Is 91516489 a composite number?
True
Is 2330659 a prime number?
False
Is 14715733 prime?
True
Is 26702669 a prime number?
False
Is 15824327 a composite number?
True
Is 27251683 composite?
False
Is 282643 composite?
True
Is 462629 a prime number?
True
Is 3057415 composite?
True
Is 2381741 a composite number?
True
Is 30264203 a prime number?
True
Is 7727351 composite?
False
Is 62189 composite?
False
Is 97292527 composite?
True
Is 617741 prime?
False
Is 27508069 composite?
True
Is 3514493 a prime number?
True
Is 502709 a prime number?
False
Is 3355403 prime?
True
Is 1031131 a composite number?
True
Is 38470063 a prime number?
True
Is 6255771 a composite number?
True
Is 12263119 composite?
True
Is 21474113 a composite number?
False
Is 7225469 a composite number?
False
Is 128857 composite?
False
Is 14995277 composite?
True
Is 6213287 composite?
False
Is 32827621 composite?
True
Is 3838771 a composite number?
False
Is 29220361 prime?
True
Is 121875085 composite?
True
Is 201996337 a composite number?
False
Is 132670579 a composite number?
False
Is 219389543 prime?
True
Is 5373619 a prime number?
False
Is 79491641 prime?
True
Is 156672937 a composite number?
False
Is 641303 composite?
True
Is 747986909 a composite number?
False
Is 34159357 prime?
False
Is 3536627 a composite number?
False
Is 71197471 prime?
True
Is 795778531 composite?
True
Is 55972907 composite?
False
Is 464171 composite?
False
Is 32002823 composite?
True
Is 153489671 composite?
False
Is 1299631 a prime number?
True
Is 26134103 a prime number?
False
Is 145438171 a prime number?
False
Is 100879237 composite?
True
Is 26645995 prime?
False
Is 53071167 prime?
False
Is 28526801 a prime number?
False
Is 6242359 a prime number?
False
Is 4842179 prime?
True
Is 9127043 a prime number?
True
Is 1088321 a composite number?
True
Is 142529 a prime number?
True
Is 15337241 composite?
False
Is 2265079 a prime number?
True
Is 422117 a prime number?
False
Is 22369561 a composite number?
True
Is 1479359717 prime?
False
Is 343967 a prime number?
False
Is 538899 a prime number?
False
Is 67745581 a composite number?
True
Is 2340673 composite?
False
Is 157847233 prime?
True
Is 1283591 a prime number?
True
Is 42718633 composite?
True
Is 964679 a composite number?
False
Is 227291 a composite number?
True
Is 32275751 a composite number?
False
Is 31111307 composite?
False
Is 9496997 a prime number?
False
Is 964955 a prime number?
False
Is 27755309 prime?
False
Is 5514011 a composite number?
True
Is 85410323 a composite number?
False
Is 20303939 composite?
True
Is 541435807 a prime number?
False
Is 808417 prime?
True
Is 85356509 a prime number?
False
Is 666103973 prime?
True
Is 18497587 prime?
True
Is 2376601 a prime number?
False
Is 736045 a prime number?
False
Is 2994067 prime?
True
Is 135299231 prime?
False
Is 4861501 prime?
True
Is 2937943 a composite number?
True
Is 1856167033 composite?
True
Is 30045209 prime?
True
Is 210668721 a composite number?
True
Is 5930897 prime?
False
Is 437946347 a composite number?
True
Is 267067 a prime number?
False
Is 2128391 prime?
True
Is 9236635 a composite number?
True
Is 7958279 a prime number?
False
Is 3478243 composite?
False
Is 2080513 a prime number?
False
Is 56695631 prime?
True
Is 1481182181 a composite number?
False
Is 581981 a prime number?
True
Is 3204217 a composite number?
True
Is 8618567 prime?
True
Is 22261957 a prime number?
False
Is 12019009 a composite number?
False
Is 4930651 a composite number?
True
Is 185024011 a prime number?
False
Is 7477643 composite?
False
Is 30040739 a composite number?
True
Is 11168834 composite?
True
Is 6549821 prime?
False
Is 3959611 a prime number?
False
Is 5250181 composite?
False
Is 27196831 a prime number?
True
Is 26280941 prime?
True
Is 52311629 a prime number?
True
Is 14593261 composite?
False
Is 286753757 composite?
True
Is 396317359 prime?
True
Is 12429213 composite?
True
Is 292685 prime?
False
Is 104883023 prime?
False
Is 10768717 prime?
True
Is 1693247 a prime number?
False
Is 32203781 a prime number?
True
Is 630067 prime?
True
Is 22657711 a composite number?
True
Is 522714631 a composite number?
False
Is 671271269 composite?
False
Is 1639849 a composite number?
False
Is 413291 composite?
True
Is 2139091 prime?
True
Is 471997 prime?
True
Is 29154481 a composite number?
False
Is 154722307 a prime number?
True
Is 28741631 a prime number?
True
Is 31754 a composite number?
True
Is 137512411 a composite number?
False
Is 1868825597 a composite number?
False
Is 199650527 composite?
False
Is 2207227 a prime number?
False
Is 12772259 a prime number?
True
Is 2299042 a composite number?
True
Is 16591691 a prime number?
True
Is 10197193 a composite number?
False
Is 47972123 a prime number?
True
Is 47759213 prime?
False
Is 214993885 prime?
False
Is 97014983 prime?
False
Is 25981519 a prime number?
True
Is 33788303 a composite number?
False
Is 3661423 a composite number?
True
Is 17264965 a prime number?
False
Is 25758622 a prime number?
False
Is 3608837 a prime number?
True
Is 46532677 prime?
False
Is 16015999 prime?
True
Is 90667813 composite?
True
Is 12464717 prime?
False
Is 17642 a prime number?
False
Is 5230997 prime?
True
Is 5938939 composite?
True
Is 5614783 composite?
True
Is 70783309 a prime number?
True
Is 2564999 a composite number?
False
Is 1288307 a composite number?
False
Is 38095697 prime?
True
Is 1586617 a composite number?
False
Is 4190119 prime?
True
Is 1023833 a composite number?
False
Is 11830399 a prime number?
False
Is 678349 composite?
True
Is 45318569 a composite number?
False
Is 86238851 prime?
True
Is 36280933 a composite number?
True
Is 451381 composite?
True
Is 7751921 composite?
False
Is 144085171 a prime number?
False
Is 72458929 prime?
True
Is 96436667 a composite number?
True
Is 1339087 a prime number?
True
Is 533573 composite?
False
Is 3505303 composite?
True
Is 49723709 a prime number?
False
Is 4005697 a composite number?
True
Is 3305138 a prime number?
False
Is 10501693 a composite number?
False
Is 220810067 a composite number?
True
Is 1001747 composite?
True
Is 39699799 prime?
True
Is 209760053 prime?
True
Is 80045107 a prime number?
True
Is 150171413 prime?
False
Is 28338097 a prime number?
False
Is 491595971 composite?
True
Is 18527363 a prime number?
False
Is 11608957 a composite number?
False
Is 48924401 composite?
False
Is 1343437 prime?
False
Is 1351872289 a composite number?
False
Is 160802179 prime?
True
Is 12710443 composite?
False
Is 64910611 composite?
False
Is 240114079 composite?
True
Is 10617323 composite?
True
Is 368273 a composite number?
False
Is 5641421 prime?
True
Is 30567319 a prime number?
False
Is 16326581 prime?
True
Is 2651083 a prime number?
True
Is 77404199 composite?
False
Is 75843697 a composite number?
False
Is 31972429 composite?
False
Is 13115723 a composite number?
True
Is 415867 composite?
True
Is 15906433 prime?
True
Is 2388317 composite?
False
Is 167380277 prime?
True
Is 12659293 a prime number?
True
Is 86943649 a composite number?
True
Is 3059171 prime?
False
Is 100563893 prime?
False
Is 11654227 a prime number?
False
Is 11362331 prime?
True
Is 229966787 a prime number?
False
Is 65621 a prime number?
False
Is 1613845 composite?
True
Is 2516351 prime?
True
Is 8941973 a prime number?
True
Is 100635157 prime?
False
Is 19686319 a prime number?
True
Is 197490151 a prime number?
True
Is 1741073 composite?
True
Is 21744941 prime?
True
Is 82186771 prime?
True
Is 465739 prime?
True
Is 1126159 a composite number?
False
Is 1239701 prime?
False
Is 1287047 prime?
True
Is 1209413 a composite number?
True
Is 13928177 prime?
True
Is 25615217 composite?
False
Is 19706201 composite?
True
Is 96918379 a composite number?
True
Is 3709061 a prime number?
True
Is 31887551 a composite number?
False
Is 3221899 a composite number?
False
Is 47822023 a prime number?
True
Is 391949923 composite?
True
Is 278737 composite?
True
Is 4669323 prime?
False
Is 3138991 composite?
False
Is 364812347 composite?
False
Is 10255229 prime?
False
Is 27861727 a prime number?
True
Is 742971